 (base 8) to base 3
-2120001120
Convert -51341 (base 8) to base 4.
-11023201
Convert 201110012 (base 3) to base 16.
3764
Convert 5ba4 (base 12) to base 16.
286c
What is 31 (base 5) in base 16?
10
Convert -27 (base 14) to base 12.
-2b
What is -59d3 (base 14) in base 6?
-200313
What is -533 (base 14) in base 5?
-13100
-1136 (base 7) to base 6
-1535
-2621 (base 12) to base 5
-114340
What is -1914 (base 10) in base 9?
-2556
What is 1020222 (base 3) in base 15?
412
-1209 (base 12) to base 9
-2700
What is -30404 (base 5) in base 7?
-5525
What is -1a06 (base 13) in base 6?
-30005
-312 (base 6) to base 12
-98
What is 7cb (base 14) in base 10?
1551
What is 11962 (base 11) in base 8?
41351
What is 111001011101111 (base 2) in base 5?
1420143
-103 (base 11) to base 2
-1111100
What is 249 (base 12) in base 11?
294
Convert -10205 (base 7) to base 16.
-9c8
Convert -30320 (base 5) to base 6.
-13024
80 (base 10) to base 4
1100
11211 (base 3) to base 13
a0
Convert -100101101 (base 2) to base 13.
-1a2
Convert 49c2 (base 15) to base 13.
71c3
What is -224010 (base 5) in base 3?
-101222111
Convert -2257a (base 12) to base 15.
-d847
-1000010110 (base 2) to base 6
-2250
What is 47 (base 15) in base 2?
1000011
What is 271 (base 8) in base 12?
135
-10000001101100 (base 2) to base 14
-304c
22102 (base 3) to base 13
146
2cdd (base 15) to base 3
111020201
Convert -ab3 (base 12) to base 11.
-1202
Convert 211210002 (base 3) to base 12.
973b
145a (base 11) to base 15
855
What is 100322 (base 4) in base 6?
5002
-39a (base 13) to base 15
-2c4
What is 121121 (base 3) in base 7?
1210
25505 (base 6) to base 12
2295
Convert -2412 (base 7) to base 14.
-479
-1110101001111 (base 2) to base 14
-2a3d
Convert 2370 (base 8) to base 9.
1663
Convert -1a99 (base 12) to base 15.
-e90
Convert -1000101 (base 2) to base 8.
-105
Convert 7a75 (base 11) to base 13.
4aa1
What is 10110000 (base 2) in base 4?
2300
1002 (base 12) to base 13
a31
25702 (base 10) to base 13
b911
ee2 (base 16) to base 3
12020010
-211 (base 16) to base 12
-381
Convert -552 (base 8) to base 15.
-192
What is a60 (base 12) in base 13?
8c4
What is 25127 (base 9) in base 16?
41e9
300310 (base 5) to base 6
111435
Convert 30061 (base 11) to base 15.
d07a
Convert -7538 (base 10) to base 11.
-5733
What is -100010110 (base 2) in base 9?
-338
-3315 (base 8) to base 3
-2101111
10254 (base 13) to base 9
43656
-13fe0 (base 16) to base 7
-460512
-30013 (base 8) to base 9
-17775
What is -140125 (base 6) in base 11?
-9860
-110600 (base 8) to base 3
-1220002120
1125 (base 10) to base 13
687
1656 (base 14) to base 8
7634
What is 3a8 (base 14) in base 2?
1011100000
What is -1b52 (base 12) in base 2?
-110100101110
1110200 (base 3) to base 7
3060
What is -214 (base 12) in base 2?
-100110000
Convert -40215 (base 7) to base 11.
-7331
What is -521011 (base 6) in base 13?
-15c94
-525531 (base 6) to base 11
-2a135
1100000010011111 (base 2) to base 5
3034221
What is 2cb (base 13) in base 14?
281
Convert -22220 (base 4) to base 11.
-569
-5b52 (base 12) to base 14
-3a6a
What is 4133 (base 15) in base 7?
55104
What is 1171 (base 11) in base 12?
a76
Convert 43a6 (base 12) to base 3.
101020200
What is -470 (base 9) in base 12?
-283
Convert 1422 (base 11) to base 7.
5235
What is 5366 (base 12) in base 16?
23be
What is 4122 (base 5) in base 2?
1000011001
Convert -21022 (base 3) to base 10.
-197
What is -239 (base 15) in base 4?
-13320
Convert 1040 (base 9) to base 7.
2142
What is -1172 (base 15) in base 8?
-7173
What is 723 (base 12) in base 14?
53d
Convert -e8 (base 15) to base 16.
-da
342222 (base 5) to base 4
2332123
-531 (base 14) to base 6
-4423
What is -5225 (base 6) in base 2?
-10010010001
What is 12001 (base 3) in base 9?
161
What is -110010010 (base 2) in base 9?
-486
What is -41364 (base 8) in base 10?
-17140
What is 1803 (base 10) in base 6?
12203
24016 (base 7) to base 12
36b7
What is 1100101 (base 2) in base 8?
145
Convert 3355 (base 6) to base 11.
65a
263061 (base 7) to base 16
bfc4
-551 (base 10) to base 14
-2b5
What is 2498 (base 10) in base 4?
213002
Convert 12111222 (base 3) to base 14.
1674
-21013 (base 6) to base 2
-101100000001
What is -122045 (base 6) in base 2?
-10101001001101
3806 (base 10) to base 6
25342
9803 (base 11) to base 16
3296
Convert 11111330 (base 4) to base 11.
15495
-25a (base 12) to base 6
-1354
What is -3974 (base 15) in base 4?
-2333203
Convert 3a45 (base 12) to base 16.
1a15
What is 154 (base 15) in base 10?
304
-4005 (base 7) to base 2
-10101100001
36e4 (base 15) to base 4
2312221
What is 23545 (base 7) in base 4?
1133131
Convert 1034 (base 6) to base 9.
284
What is -240 (base 14) in base 13?
-286
Convert 1234 (base 7) to base 8.
722
803 (base 10) to base 15
388
225 (base 10) to base 5
1400
What is 1732 (base 8) in base 7?
2606
2233323 (base 4) to base 3
120110000
-32020322 (base 4) to base 11
-3a56a
-279 (base 11) to base 2
-101001000
590 (base 10) to base 9
725
-26b (base 12) to base 16
-173
Convert -c48 (base 15) to base 4.
-223100
-eee (base 16) to base 6
-25410
Convert 16051 (base 8) to base 16.
1c29
Convert -1096 (base 10) to base 13.
-664
What is 1e8 (base 15) in base 6?
2015
Convert -101002000 (base 3) to base 9.
-11060
2230101 (base 4) to base 11
8313
Convert -1100 (base 2) to base 7.
-15
What is -8838 (base 15) in base 12?
-14845
Convert 2a3 (base 11) to base 8.
543
What is -726 (base 11) in base 3?
-1012102
What is 667 (base 8) in base 12?
307
-b7 (base 13) to base 11
-127
-52c (base 16) to base 3
-1211001
What is -337 (base 15) in base 7?
-2056
854 (base 11) to base 13
610
1100 (base 10) to base 2
10001001100
What is 37437 (base 10) in base 9?
56316
-255 (base 12) to base 2
-101100001
Convert -4061 (base 7) to base 6.
-10315
-80 (base 13) to base 3
-10212
-321 (base 10) to base 15
-166
73b (base 14) to base 13
858
Convert 3bc (base 13) to base 16.
296
What is -576 (base 15) in base 9?
-1623
What is 200000 (base 4) in base 3?
2210212
What is d75 (base 15) in base 16?
bdb
22c (base 16) to base 7
1423
Convert -1443c (base 15) to base 14.
-19a0a
552 (base 11) to base 15
2e2
-1fd (base 16) to base 8
-775
What is -162 (base 15) in base 14?
-189
Convert -312310 (base 4) to base 6.
-24124
-635 (base 9) to base 4
-20012
1010100100 (base 2) to base 8
1244
Convert 444133 (base 7) to base 4.
103013011
6c61 (base 15) to base 16
5a01
Convert 2a65 (base 11) to base 15.
127d
1822 (base 14) to base 4
1003312
-465 (base 8) to base 10
-309
-313 (base 12) to base 6
-2023
-340a (base 12) to base 9
-7821
What is -512 (base 15) in base 9?
-1508
-1b9 (base 15) to base 6
-1503
What is 332115 (base 6) in base 4?
12300233
Convert -448 (base 15) to base 13.
-596
What is 1331341 (base 5) in base 7?
141666
What is 1ac3 (base 14) in base 8?
11413
2143 (base 5) to base 16
12a
-1103 (base 5) to base 7
-306
What is 10344 (base 5) in base 3?
222211
What is 14c31 (base 13) in base 2?
1001100111111001
-1052 (base 8) to base 2
-1000101010
Convert 201004 (base 7) to base 4.
20102221
What is 101100111011011 (base 2) in base 16?
59db
Convert -21100 (base 3) to base 11.
-170
Convert -14122 (base 6) to base 7.
-6305
What is -2c87 (base 14) in base 3?
-101220210
Convert ef (base 16) to base 4.
3233
What is -2a874 (base 11) in base 8?
-125171
-1108 (base 9) to base 6
-3442
Convert -655 (base 7) to base 6.
-1314
112120 (base 3) to base 14
201
Convert -1474 (base 12) to base 15.
-a97
What is 33b (base 16) in base 5?
11302
Convert -2320a (base 12) to base 3.
-2101102001
What is 5d8a (base 14) in base 6?
203514
Convert -571 (base 10) to base 7.
-1444
Convert 11011110100 (base 2) to base 15.
7da
Convert 4368 (base 10) to base 4.
1010100
-682 (base 15) to base 13
-893
What is 4445 (base 8) in base 11?
1839
What is -3a56 (base 11) in base 12?
-3068
Convert -22 (base 12) to base 3.
-222
-48a1 (base 12) to base 11
-6171
-36426 (base 9) to base 12
-12159
What is -220211222 (base 3) in base 4?
-10123010
Convert 123221 (base 4) to base 9.
2375
What is 14950 (base 11) in base 2?
101001001110101
What is 102020 (base 7) in base 2?
100010001100011
Convert -4102 (base 9) to base 2.
-101110110111
What is dcc (base 14) in base 11?
2060
What is -41557 (base 8) in base 2?
-100001101101111
Convert 100a2 (base 11) to base 9.
22212
Convert 1d1 (base 16) to base 15.
